e
Let l(v) = -v**3 + 20*v**2 + 7*v - 9. Suppose 0 = 3*j - 9 - 21. Is l(j) prime?
True
Suppose 28*d - 26*d = 3*o - 174249, -4*o - 5*d + 232355 = 0. Is o a prime number?
False
Let j be (-3)/(-2) - 15/10. Suppose 0 = -5*x - j*x + 3260. Suppose 0 = -4*n - 0*n + x. Is n a composite number?
False
Let l(v) = v**2 - 8*v + 7. Let x be l(8). Suppose 291 = -x*c + 2342. Is c prime?
True
Let c(m) = -243*m**3 - m**2 - 2*m + 1. Let s = 69 - 71. Is c(s) prime?
False
Suppose 0 = -3*t + 21*u - 26*u + 12698, 2*t - 8457 = -5*u. Is t a composite number?
False
Let h(d) = 11*d**2 + 6*d. Let y be h(-3). Suppose 14*a = 11*a + y. Suppose -n + 4 + a = 0. Is n prime?
True
Let p(v) = -v + 20. Let u be p(11). Suppose u*f = 4*f + 60. Is (f/(-9))/(8/(-492)) a composite number?
True
Suppose -a + 5*k = -6178, 4*k - 6175 = -a + 6*k. Is a prime?
True
Let d(t) = -122*t - 44. Let w be d(-20). Suppose -w = -5*s - 61. Is s composite?
False
Suppose -3*i + 9 = 45. Let x = 10 - i. Suppose 0 = -4*b + 2*b + x. Is b a composite number?
False
Let d(v) = 1848*v**2 - 5*v + 4. Is d(1) a prime number?
True
Let f(w) = -701*w - 50. Is f(-3) prime?
True
Let m = -130 + 183. Is m composite?
False
Suppose 5*c = 6*c + h - 10011, -3*h - 50023 = -5*c. Is c a prime number?
True
Let q(a) = -375*a - 29. Let y(h) = -188*h - 15. Let p(n) = 3*q(n) - 5*y(n). Is p(-5) prime?
False
Suppose -3*r - 20 = 2*r. Let s be ((1 - 0) + r)*2. Is s/4 + (-135)/(-6) a composite number?
True
Let z(k) = -494*k**3 - k**2 - k - 9. Is z(-3) prime?
False
Suppose -44 + 12 = -8*n. Suppose 2*z = n*z - 22. Is z a composite number?
False
Let w be (2 + 1)/(-1)*-1. Suppose 3 = -0*q - w*q. Is 80 + q + -2 - 0 prime?
False
Suppose -4*g + 5 + 15 = 0. Is 2/g - 26763/(-55) a composite number?
False
Let f be (40/(-15))/2*-111. Let z = -9 + 65. Suppose -z = -r + n, -r - 2*r + f = n. Is r prime?
False
Let v = 28 + 329. Let q = v - 83. Is q a prime number?
False
Suppose 3*p - 67 = -16. Is p + 71 - (1 + 0) prime?
False
Let s(h) = -h**3 + 11*h**2 - 10*h + 7. Let a(n) be the first derivative of 2*n**4 - n**2/2 + n + 5. Let m be a(1). Is s(m) prime?
False
Let k(z) = -2*z**3 - 2*z**2 - 18*z - 29. Let y(u) = -u**3 - 14*u**2 - 11*u + 15. Let w be y(-13). Is k(w) a prime number?
False
Suppose -5*p = 5*l - 7940, -l + 3179 = 3*p - p. Suppose 0 = -8*n + p + 561. Is n prime?
True
Suppose -6*v = -13*v + 992327. Is v a composite number?
False
Let r(b) = -2 - 2 + 3*b**2 - b + 8. Suppose -2*m + 4 + 10 = -4*t, -t = 1. Is r(m) prime?
False
Suppose -6*m + 2335 + 8111 = 0. Is m composite?
False
Suppose -2*f + r - 18 + 65 = 0, -5*r = 2*f - 29. Let i(d) = -d**3 + 24*d**2 - 14*d + 23. Is i(f) a prime number?
True
Let z be 1 - -8*(-3)/(-2). Let v = 44 - z. Is v a prime number?
True
Let x(d) = -6*d**2. Let l be x(-1). Let i(m) = -60*m + 19. Is i(l) prime?
True
Let g be 40/14 - (-4)/28. Suppose -5*d + 4 = -3*w, -d + 3 = g*w - 5. Suppose 3*r = -d*r + 575. Is r composite?
True
Suppose -4*m = 0, -5*m = -3*q - 8*m + 88149. Is q a prime number?
True
Let p(f) = f**3 + 8*f**2 + f + 10. Let x(b) = b**3 + 5*b**2 - 4*b + 14. Let v be x(-6). Suppose 6 = -h - v. Is p(h) a composite number?
False
Suppose -30*v = -13*v - 163081. Is v prime?
False
Suppose -412894 = -3*o - 11*r + 10*r, -r = 5*o - 688160. Is o a composite number?
False
Suppose -5*b - 3292 = f, -6519 = 2*f - 3*b + 117. Let o = 8299 + f. Is o composite?
False
Suppose q = 4*q + 9, 0 = 3*m + q - 69030. Is m prime?
True
Is 1273270/45 - (-11)/99 prime?
False
Suppose 0 = -3*z + 17 - 11. Is (6092/z)/(-2)*-1 a prime number?
True
Suppose -56*z - 353422 = -1431590. Is z a prime number?
False
Let b = -15547 - -24546. Is b prime?
True
Let t(v) = -v**2. Let i(r) = 9*r**2 - 2*r + 5. Let h(p) = i(p) + t(p). Let s(o) = -3*o - 1. Let l be s(1). Is h(l) composite?
True
Let a be (-23)/2 - (-5)/(-10). Let s be a*4/(-16)*-178. Let z = s - -929. Is z a prime number?
False
Suppose -8*g = -11902 + 1014. Is g composite?
False
Suppose 0 = -2*l - 2*l - v + 24, -6 = -2*l + v. Suppose -521 = -0*w - w - 4*s, l*w - 4*s - 2605 = 0. Is w a composite number?
False
Let l = -4 + 6. Suppose -4*q + q - 3259 = 2*n, 0 = 3*q - l*n + 3239. Is 5/(-10) - q/2 a composite number?
False
Let r = -1078 - 299. Let k = r - -3314. Is k prime?
False
Let y be (-9)/(36/8) + -4. Let m(l) = -35*l - 9. Is m(y) prime?
False
Suppose -4*u + 1755 = u + 5*z, -4*z = 8. Is u composite?
False
Is (17 + 4)*(-1405)/(-15) prime?
False
Suppose -4*z = -2*v + 12, -3*v + 8 = -2*v - 3*z. Suppose -4*m + 3*m = 2*o - 215, 4*m - v*o = 850. Is m composite?
True
Suppose y - 8*p - 1219 = -7*p, y + 5*p = 1219. Is y prime?
False
Let j(z) = z**3 - 4*z**2 - 5*z + 5. Let r be j(5). Let q(a) = -7*a - r + 22*a + 12*a - 6. Is q(8) a prime number?
False
Suppose 4 = -3*p - 107. Let n = p - -134. Suppose n = -4*w + 557. Is w a prime number?
False
Is (-1 - (-1 - (-6259)/(-3)))*3 prime?
False
Is ((-11892)/8)/((-3)/2) a prime number?
True
Let j = -60 - -33. Is 60956/36 - (2 + 48/j) a prime number?
True
Let t be 2/(16/(-6))*-4. Suppose -w + 3690 = -2*q + 12479, 3*w = -t*q + 13179. Suppose -a + q = 3*a - l, 4*a - 4390 = 3*l. Is a composite?
True
Let d = 800 + -370. Suppose -v + 951 + d = 0. Is v a composite number?
False
Let r = 3 + -5. Let b(g) = -g + 2. Let i be b(r). Suppose 2*u - 60 = 2*w, -138 = -4*u - 6*w + i*w. Is u prime?
False
Let k(c) = 39*c**2 + c - 1. Suppose 81*n = 76*n - 5. Is k(n) composite?
False
Suppose -5 = -v, 5*v = 3*j - 172609 - 14185. Is j prime?
True
Let r(u) = 2*u + 17. Let g be r(-5). Suppose -g*q + 11*q = 5044. Is q a prime number?
False
Suppose 3*x = -4*r + 66155, 2*r + 2*x - 21236 = 11844. Is r a composite number?
True
Let o be (-2)/((14/12)/7*-4). Suppose 3*l = 4*y + 277, -2*l + 443 = o*l - 2*y. Is l a composite number?
True
Suppose 2*u + 0*u = -36. Let l be (-4)/((-8)/u) + 2. Let w(r) = 10*r**2 - 8*r + 1. Is w(l) prime?
True
Suppose 2*s + 4*g = 6426, 4*g - 16043 = -5*s + 5*g. Suppose -4 = 2*o + 2*o, -3*u + 2*o = -s. Is u prime?
True
Let r = -232 - -2075. Let k = r + -498. Is k prime?
False
Let o(r) = 75*r**2 - 10 - 3*r - 4*r - 72*r**2 + r**3. Let y be o(-4). Suppose -y*b + 778 = -0*b. Is b composite?
False
Let a(h) = 14*h**2 + 2. Let s(p) = 2*p**2 + 3*p - 10. Let b be s(4). Let t = b + -32. Is a(t) a composite number?
True
Suppose -3*r = -4*l + 469, 0*r - 240 = -2*l - 4*r. Suppose x = 149 + l. Is x a composite number?
True
Is 4713/(((-24)/(-40))/1) a composite number?
True
Suppose -z - 2*z - 5439 = -4*o, -5*z = -2*o + 9051. Let h = z + 3075. Suppose -2*y = 4*y - h. Is y prime?
True
Let s = 22 - -10. Let f be 195/(-6)*s/10. Let u = f - -219. Is u composite?
True
Let j = 21191 - 12558. Is j a composite number?
True
Suppose 6*d + 4*l = 2*d + 16, d + 6 = 4*l. Suppose -r - d*r = 4*k - 1555, 2067 = 4*r - k. Is r a prime number?
False
Suppose -4*b + 13232 = -2*i, -4*b - 4*i = -7603 - 5641. Is b prime?
False
Let t(d) = d**2 - 10*d - 22. Suppose 3*u = -21 + 69. Let h be t(u). Suppose c - h = 3*k, -46 = 5*c + 2*k - 331. Is c prime?
True
Suppose 2*s = -s - 2*w + 2826, -2*s + 2*w + 1874 = 0. Let f = -633 + s. Is f composite?
False
Suppose b = 4 - 0. Let h = b + 1. Suppose s + 0*j - 186 = -j, -25 = h*j. Is s prime?
True
Suppose -39*b = 4517 - 54086. Is b a prime number?
False
Let g = 7879 + -432. Is g composite?
True
Let c be (-68)/(4 - 0) + -3. Let a = 41 + c. Is a a composite number?
True
Suppose 0*j - 3*j + 16 = 4*z, 14 = 2*z + 3*j. Suppose -r = -0*r + z, 6681 = 5*l + 4*r. Is l a composite number?
True
Let p(k) be the third derivative of 101*k**7/1260 + k**6/720 + k**5/120 + k**4/4 - 6*k**2. Let v(l) be the second derivative of p(l). Is v(-1) composite?
True
Let k(s) = s**2 - 4*s - 5. Let c be k(6). Let r = c - 5. Suppose r*j + 124 - 554 = 0. Is j prime?
False
Suppose -5*v - b + 42909 = -74581, v - 2*b = 23487. Is v composite?
False
Let l be 21/(-35)*(0 - 30). Let y be 3/l + (-3058)/(-12). Is (-7)/(-7) + (y - -1) prime?
True
Let y be (-1)/(7/(-24))*(-1 - 13). Is (y/84)/(4/(-574)) prime?
False
Let g = 2301 - 128. Is g a composite number?
True
Let g(d) = d**3 - 2*d**2 + 10*d - 8. Is g(7) prime?
True
Is 36 + -27 + (-4144)/(-2) composite?
False
Let v(r) = -r + 4. Let o be v(4). Let c(g) = -g**3 - 12*g**2 - 28*g - 4. Let d be c(-9). Suppose -d*z - z + 714 = o. Is z a composite number?
True
Is (2/8)/(